 j. What is the greatest common divisor of 7 and l?
7
Suppose 5*v = -0*q + 4*q - 54, -3*q - 3*v = 0. What is the highest common divisor of 926 and q?
2
Suppose 5*m = -3*i - 1, -5*m - i - i = -6. Calculate the highest common divisor of m and 1420.
4
Suppose 4*j - 768 = 81*a - 85*a, -a = 2*j - 384. What is the greatest common factor of j and 6?
6
Let n = -117 - -171. Let z = -16 - -13. Let r be (1/(-3) - z)*(-108)/(-48). What is the greatest common factor of r and n?
6
Let d be 20/8*(28 + -2). Calculate the greatest common divisor of d and 20.
5
Suppose -185 = -200*s + 195*s. Let z(o) = -o**3 + 36*o**2 + 36*o + 65. Let q be z(s). Calculate the highest common divisor of 49 and q.
7
Let t be (2316/16)/(1 + 679/(-700)). What is the greatest common factor of t and 25?
25
Suppose -3*q - 20 = -2. Let b(z) = -3*z - 2. Let l be b(q). Let m be (-2 + 6 + l)/(4/52). Calculate the greatest common factor of 26 and m.
26
Suppose 0 = -4*l - 62 + 70. Let v be (69 + -73)*(l/8 + -1). Suppose -k - 380 = -4*k + 2*p, 0 = k + v*p - 134. What is the highest common factor of k and 16?
16
Let w be (-28)/(-44)*1441 + (-15)/3. Calculate the highest common divisor of 6156 and w.
228
Let j = -35 - -37. Suppose 3*a - 9 = j*i, -5*a + 32 = -5*i + 12. Let l be ((-4)/a + 6)*8. Calculate the highest common divisor of l and 4.
4
Suppose -286 + 78 = -2*k - 4*f, -6*k - 5*f + 596 = 0. What is the greatest common factor of k and 2352?
48
Let l be 222/4 + (-435)/58 + (-2 - -10). Calculate the highest common factor of 2716 and l.
28
Let i be (16/32)/(2/(-268)). Let o = 68 + i. Let n be ((-2)/o - -38)*1/2. Calculate the greatest common factor of 27 and n.
9
Let k(n) = 3*n + 25. Suppose -4*m = 4*t - 4, 0 = -2*m + 4*t - 2 - 26. Let h be k(m). Calculate the highest common divisor of h and 117.
13
Suppose -g = -12*g + 55. Suppose -3*p + p = 2*z - 2, 0 = -5*z + g*p + 5. Let d be ((-2)/(-3))/z + (-759)/(-9). What is the greatest common divisor of d and 5?
5
Suppose 5*j = m + 6469 + 2780, 3*j - 5548 = 2*m. Calculate the highest common divisor of j and 50.
50
Let i(k) = -k + 4. Let j be i(-2). Let o = 10 - j. Suppose -o*l = -43 - 29. Calculate the highest common factor of l and 126.
18
Suppose 4*o - 5*k = 24, 3*o = 4*o - 4*k - 6. Let l be (84/8)/(o/8). Suppose 0 = -4*f + 2*f - 4*i + l, 6 = -2*i. What is the highest common divisor of 1 and f?
1
Let i = -34619 + 37739. What is the highest common divisor of i and 1716?
156
Suppose -2*i + 40 = t, -42*t + 13 = i - 38*t. What is the highest common factor of 427 and i?
7
Suppose 5*g - 8*g + 2*c + 13688 = 0, 2*g - 9112 = 3*c. What is the highest common factor of 8 and g?
8
Let z(m) = m**3 + 11*m**2 + 13. Let q be z(-11). Let f = q + 66. Suppose -f*h - 15 = -82*h. Calculate the greatest common divisor of 10 and h.
5
Let i be (-2 - 83778/(-21)) + ((-960)/84 - -11). What is the highest common divisor of 117 and i?
9
Suppose -4237*c - 9720 = -4249*c. What is the greatest common divisor of 10 and c?
10
Let j(a) = 38*a**2 - 32*a - 64. Let k be j(5). Calculate the highest common divisor of 12 and k.
6
Let h be 1/3 - -213*(-80)/(-72). Let u = h - 216. What is the greatest common factor of 3 and u?
3
Let d be (40 + -6)/((1 + -2)/(-9)). Suppose 0 = h + 2*p - 8, 24 = -4*p + 4. What is the greatest common factor of h and d?
18
Let h be (-528)/28 + (-8)/56. Let w = h - -41. Calculate the greatest common factor of w and 242.
22
Suppose -452776 = -123*h + 1367747. What is the highest common factor of 82 and h?
41
Let o be (-6)/(-54) - 134/(-9). Suppose o*h = 18*h - 45. Suppose -h = -3*b + 468. What is the highest common divisor of 23 and b?
23
Suppose 4*x + 436 = -5*k, 0 = -0*x - 5*x + 5. Let z = k - -100. Calculate the greatest common factor of 6 and z.
6
Let c(v) = -v - 7. Let q = -55 + 41. Let t be c(q). Suppose -4*s = -2*s + 3*h - 8, 3*s - 5*h = -t. Calculate the highest common factor of s and 2.
1
Let m(v) = 4*v - v + 0*v + v + 5 + 5*v**2. Let h be m(-4). Suppose 3*t = -4*a + 49, 0 = 5*t - 3*t - 2*a - 56. What is the highest common divisor of t and h?
23
Let r = 19517 + -19504. Let u be ((-1)/2)/(2/(-156)). What is the greatest common divisor of r and u?
13
Let d = -32 + 55. Let l be (-4)/(-14) + (-940)/(-140). Let g = d + l. Calculate the greatest common factor of 30 and g.
30
Let y(l) = 1 + 5 + 16*l**2 + 1170*l**3 - 1171*l**3. Let x be y(16). Let q be 4/(-8)*4/x*-12. Calculate the greatest common factor of q and 8.
4
Let k be (-626)/7 - 3/(-7). Let l = -1 - k. Let g(v) = -12*v - 25. Let a be g(-3). What is the highest common factor of a and l?
11
Suppose -5*s + 685 = 5*k, -3*s - 71 + 212 = k. What is the highest common factor of 99 and k?
9
Let h(m) = -233*m - 1475. Let n be h(-10). What is the highest common factor of 228 and n?
57
Let v = -4371 + 4379. Let a = -57 - -22. Let t = a + 67. Calculate the highest common factor of v and t.
8
Let x = 193 - 78. Let r = x - 61. What is the highest common factor of r and 144?
18
Let u be (476/(-35) - -10)/(6/(-1155)). What is the greatest common factor of 2310 and u?
231
Suppose -2*f + 4*l = -156, -5*l + 11 = 31. Let y = -62 + f. What is the greatest common divisor of y and 8?
8
Suppose -58 = -10*s + 442. Suppose 5*l = 5*y + s, 0 = -2*y + 6 - 2. Calculate the greatest common divisor of 16 and l.
4
Let c(i) = -9*i**2 + 43*i - 15. Let b be c(2). Suppose -3*d = -3*x - 120, -7 - 33 = -d + 3*x. Calculate the greatest common factor of d and b.
5
Let n(u) = u - 2. Let g be n(-8). Let r(c) = 3*c**2 + 9*c - 52. Let i be r(g). What is the greatest common factor of i and 237?
79
Suppose -3*n - 5*k + 56 = 14, 0 = -3*k + k. Calculate the highest common divisor of n and 1022.
14
Let h be 1758 - (5 - (13/(-13))/(1 + 0)). What is the highest common factor of 6789 and h?
219
Let p = -10708 - -12577. What is the greatest common divisor of 21 and p?
21
Let z be (-5)/(-2) + -2 + (-190)/(-20). Suppose a - z = 12. Calculate the highest common factor of a and 55.
11
Let n(d) = 8*d**2 - 63*d - 3. Let c be n(8). Suppose 0 = -3*g - c*i - 4, -4*g + i = -15 + 5. Calculate the highest common factor of g and 64.
2
Let k(c) = -c**2 - 4*c + 4. Let x be k(-3). Let w be (-362)/(-22) + (-330)/(-605). Let d = w - x. Calculate the highest common divisor of d and 25.
5
Let l = 51 - 6. Suppose -8*f = -3*f - l. Let g(y) = -y**2 + 9*y + 17. Let m be g(f). Calculate the greatest common divisor of 136 and m.
17
Let m(y) = 62*y**3 - 2*y**2 + 4*y - 2. Let o be m(1). Suppose 55*f + 14 = o*f. Calculate the highest common divisor of f and 40.
2
Let y be ((-18)/(-9))/((-6)/(-9)). Suppose o + 81 = -0*t + 4*t, y*o + 83 = 4*t. Calculate the greatest common factor of t and 50.
10
Let t be (-15)/10*-3*32/3. Let l be (198/12)/(9/t). What is the greatest common factor of l and 132?
44
Let g(w) = -w**2 + w + 24. Let v be g(0). Let n = 34 - 36. Let x be (n/(-6))/(4/96 - 0). Calculate the greatest common factor of v and x.
8
Let n(p) = -2*p**3 + 3*p**2 + 3*p + 3. Let t be n(-2). Suppose t*k - 399 = 22*k. Calculate the highest common factor of k and 57.
19
Let t = -690 + 868. What is the highest common divisor of t and 4?
2
Suppose -54 = -5*d + 56. Let k(x) = -d*x + 0 + 0 - 2. Let w be k(-1). Calculate the greatest common divisor of 30 and w.
10
Let t = 20413 - 20353. What is the greatest common divisor of 1008 and t?
12
Suppose 4*x + 57 = 933. Suppose -3*o + x = -0*o + 3*a, 5*a + 111 = 2*o. Calculate the greatest common factor of o and 102.
34
Let g be -3 + (2 - 0) - 3/(-1). Let v be (g - (-1984)/(-20))/((-16)/40). Calculate the highest common factor of v and 18.
9
Let a = -5420 - -6295. What is the greatest common factor of 1855 and a?
35
Let b = -79 + 131. Let t(p) = -29*p**2 + 724*p + 38. Let d be t(25). Calculate the greatest common factor of b and d.
13
Let u(o) = o**2 - 4*o - 5. Let c be u(14). Let v be -85*(c/25 - 6). Calculate the highest common factor of v and 102.
51
Let q(u) = -u + 3 + 27*u**2 - 34*u**2 - u**3 + 11*u. Let i be q(-10). What is the highest common factor of 58 and i?
29
Suppose -27*d + 92*d + 49*d - 6384 = 0. Let j = -18 + 11. Let y be (0/(-1) + j)*-1. What is the greatest common factor of y and d?
7
Suppose -296 = -2*y + 11*w + 616, 5*w = -3*y + 1368. Calculate the highest common factor of 2812 and y.
76
Let x(l) = 1321*l + 2. Let g be x(0). Let 